v(s) be the second derivative of s**4/12 + 5*s**2/2 - 274*s. What is v(-7)?
54
Let j(d) be the first derivative of d**6/360 - 3*d**5/40 + 3*d**4/8 - d**3 - 4*d**2 + 18. Let o(k) be the third derivative of j(k). What is o(6)?
-9
Suppose -7*x = -6*x - 2*t - 8, -5*x = -5*t - 35. Let u(c) = 35 + c**3 - x*c**2 - 13 - 12 + 5*c - 5. Give u(5).
5
Let i(j) be the first derivative of -j**4/4 + 7*j**3/3 - 3*j**2 - 2*j + 17. Suppose 31 = f - 2*v, 4*v = -3*f + 51 + 42. Let o = f + -25. Give i(o).
-2
Let x(a) = 4*a - 45. Let d be x(12). Let v(y) = 2*y**d - 8*y + 6 - 3*y**3 + 3*y + 12*y - 4*y**2. Let j = -56 + 51. Give v(j).
-4
Let v(q) be the second derivative of -11*q**3/6 + 3*q**2/2 + 10289*q + 1. Calculate v(-3).
36
Suppose -f = -5*f - 5*k + 133, 49 = 2*f - k. Suppose 7*d - 4*d - f = 2*v, -4*d = v + 8. Let j be 5*-4*3/v. Let i(w) = -w**3 + 6*w**2 - 3*w - 4. What is i(j)?
6
Let t(n) be the third derivative of -n**4/2 - 17*n**3/6 + 7495*n**2. Give t(-2).
7
Let o = -21486 + 21491. Let n(t) = t**2 - 5*t - 5. Let j(v) = v. Let s(x) = 4*j(x) + n(x). Calculate s(o).
15
Let i(m) = -22 - 2*m + 6*m - m + 20. What is i(-12)?
-38
Suppose -h - 4*h + 3*m - 7 = 0, -2*h = m - 6. Let t(x) = -4*x**2. Let p(q) = q**2 - q. Let w(s) = h*t(s) + 5*p(s). Suppose -114*z = -115*z + 6. What is w(z)?
6
Let l be (3/(-4))/(2 + -5) - 60/240. Let c(q) = q + 51. What is c(l)?
51
Let r(p) be the third derivative of p**6/120 - p**4/12 + 5*p**3/6 + 21*p**2 + 7. Determine r(-3).
-16
Suppose j = i + 18, j = 4*i - 2*j + 69. Let a(f) = 43*f**2 - 22*f**2 - 22*f**2 - 15*f + 12. What is a(i)?
12
Let z(g) = -2*g**3 + 28*g**2 + 63*g + 61. Let a(y) = -y**3 + 14*y**2 + 28*y + 28. Let n(f) = 9*a(f) - 4*z(f). Determine n(14).
8
Let x(b) = b + 4. Let d(p) = -1. Let l(u) = 4*d(u) + x(u). Let t be 1/((-5)/15)*(-10)/2. Suppose -9*k - t = -6*k. What is l(k)?
-5
Let a be (5/2)/((-7)/(84/(-15))). Let z(y) be the second derivative of -12*y + 0 + 2/3*y**3 - y**a. Determine z(-2).
-10
Suppose 5*n = -4*y + 64, -3*y - n + 21 = -16. Let s(x) = -x**3 + 11*x**2 + 6*x + 6. Let h(j) = -j. Let w(d) = 6*h(d) + s(d). Calculate w(y).
6
Suppose -3*p - 146 = -2*d + 123, 5*p - 167 = -d. Let i = -94 + d. Let x(b) = -139*b**3 + 1 + 53*b**3 + i*b**3 + 45*b**3. What is x(1)?
8
Let l(y) = -y**2 - 8*y - 5. Let v(s) = s**3 + 17*s**2 - 21*s - 48. Let a be v(-18). Suppose a*p + 16 = -14. Give l(p).
10
Let b(j) = -j**2 + 5*j - 16. Let n(z) = 100*z - 4095. Let q be n(41). Determine b(q).
-16
Let q(j) = -4*j + 1. Let y(a) = 11*a - 95. Let b be y(9). Let w be ((-216)/(-13))/b - (-36)/(-234). Calculate q(w).
-15
Let d(n) = -4*n**2 + 8*n + 146. Let r be d(7). Let z(b) = b**3 - 6*b**2 + b - 14. Determine z(r).
-8
Let x = 96 + 20. Let l = -198 + x. Let v = l + 90. Let h(t) = -t**2 + 8*t + 11. Calculate h(v).
11
Let p(x) = -3*x**3 - 4*x**2 + 2*x + 13. Let i(a) = -5*a**3 - 9*a**2 + 2*a + 21. Let g(c) = -4*i(c) + 7*p(c). Calculate g(9).
-20
Let u be 12*(14/(-21))/(-2). Let l(t) be the second derivative of t**4/12 - t**3 + 2*t**2 - 29*t. Give l(u).
-4
Let c(r) = -16*r - 36. Suppose 661*k = -186 - 2458. Determine c(k).
28
Let m(y) be the third derivative of 0*y - 1/120*y**6 - 7/60*y**5 + 11 - 5/24*y**4 + 7/6*y**3 - 3*y**2. Determine m(-5).
-18
Let j be 12/3 + 1 - -6. Suppose j*w - 6 = 8*w. Let f(a) = 6*a + 5*a**2 - a**2 - 10*a**2 + 7*a**w - 7. What is f(-8)?
9
Let m(x) = 2*x - 2*x**2 - 1 + x + 2. Let j be 7/2*(-68)/119 + 22. Let p be ((-9)/(-15))/(2/j) + -3. Calculate m(p).
-8
Let c(x) = 3*x**3 + 5*x**2 - 6*x**2 - 7*x**3 + 11897*x + 11901*x - 23794*x + 4. Calculate c(-1).
3
Let g(r) = -2 + 2*r + 10 + 1 - 3*r. Let s = -275 - -439. Let v = 172 - s. Give g(v).
1
Let u(s) = -25*s - 17. Suppose -25*r - 29 - 8 = 13. Determine u(r).
33
Let f(c) be the first derivative of -c**5/120 - c**4/3 + 101*c**3/3 + 278. Let i(g) be the third derivative of f(g). Calculate i(-14).
6
Suppose 2*r - m + 7 = 0, -71 = -3*r + 8*m - 49. Let b(z) = -z**3 - 7*z**2 + z - 1. Calculate b(r).
-43
Let m(j) = 4*j - 2. Let s(g) = -7*g + 4. Let w(i) = -5*m(i) - 3*s(i). Let o be 14*(0 + (-6)/(-3)). Suppose 8*a - o = 12. Calculate w(a).
3
Let v(a) be the third derivative of a**5/60 - a**4/12 + a**3/6 + 12*a**2. Suppose 513 = 6*m + 531. Determine v(m).
16
Let v(k) = k**3 - 59*k**2 + 56*k + 122. Let a be v(58). Let o(i) = -2*i**2 + 12*i - 23. Calculate o(a).
-23
Suppose -40*t = -20*t - 2720. Let i be (2/(-4))/(8 - t/16). Let b(q) = -32*q**2 + 2*q - 1. Give b(i).
-31
Let b = 36 + -60. Let m = b + 26. Let y(r) = r + r**2 - 2*r**2 - r**m. Determine y(-1).
-3
Let s(y) = y**2 - 13*y + 19. Let b(g) = -g**3 + 7*g**2 + 304*g - 2566. Let q be b(9). Calculate s(q).
-21
Suppose -3*v = -9*v + 42. Let g(q) = 9*q + 24*q - 40*q - v. Calculate g(5).
-42
Suppose 0*b - 4*b + 3*x = -9, 10 = 2*x. Let k(m) = 8*m**2 - 29*m + 8 + 162*m - 67*m - 72*m - 7*m**2. Calculate k(b).
8
Let n(a) = a - 1. Let r(j) = -3*j + 7. Let o(b) = 4*n(b) + r(b). Suppose 0 = -3*c - 2*c - 25, s = -3*c - 8. What is o(s)?
10
Suppose 28700 = -632*c + 58*c. Let k(u) = 13*u + 650. Calculate k(c).
0
Let h be (-6)/30 - 3/(-15). Let t(d) = -9*d**3 + 3*d + 0*d + 1 - 2*d + h*d. Let l(z) = -z**3 + z**2 - 2*z + 1. Let w be l(1). Calculate t(w).
9
Let g(l) = 3*l**2 - 19*l + 1. Let y(z) = 8*z**2 - 56*z + 4. Let n(k) = 11*g(k) - 4*y(k). Suppose 8*w = 3*w + 5*a, -5*w + w - 32 = -2*a. Calculate n(w).
11
Suppose -k - 4 = k. Let z(p) = 9*p**3 + 2*p**2 - 3. Let u(y) = 13*y**3 + 3*y**2 + 2*y - 3. Let q(j) = -2*u(j) + 3*z(j). Determine q(k).
-3
Let s(w) = 2068*w**2 - 2070*w**2 + 738 + 112*w - 733. What is s(56)?
5
Suppose 1792 = -6*m - 572. Let t be 20/(-30) - m/6. Suppose -23 = 6*i - t. Let c(s) = -2*s + 3. Calculate c(i).
-11
Let r(l) = -5*l**2 - l. Let u(n) = 27*n**2 + 4*n. Let i be u(1). Let g(v) = -v**2 + 30*v + 32. Let h be g(i). Determine r(h).
-6
Let c(r) = 2*r**3 - 3*r**2 + r. Let n(s) = -7*s**3 + 4*s**2 - 4*s - 4. Let x(f) = -3*c(f) - n(f). Determine x(-5).
-1
Let s(r) = r**3 - 4*r - 12. Suppose -289*y - 70 = 797. What is s(y)?
-27
Let w(y) = -y**3 - 11*y**2 + 11*y - 11. Let h be w(-12). Let o(q) = 303*q + h + 306*q - 608*q. Calculate o(-8).
-7
Let z(q) = -q**2 + 8*q - 29. Suppose -5*u = -17*a + 22*a, u + 4*a = -21. Calculate z(u).
-22
Let f(w) = -w**2 + 14*w - 53. Let v = -16300 - -16307. Determine f(v).
-4
Let z be -11*(-1 - (-1 - -3)/2). Let r(y) = 17*y + 18 - 10*y + 4*y**2 - y**3 - z. Give r(6).
-34
Let v(w) be the third derivative of -1/24*w**4 - 8*w**2 + 0*w + 0 - 2/3*w**3. Determine v(-3).
-1
Let n(g) = -g**2 + 50*g - 179. Suppose -80*o + 1162 + 844 = -1674. What is n(o)?
5
Let g(m) = 7*m - 1. Let c be (210/(-45))/(6/(-9)). Let h be (48/20)/(2/5). Suppose c = -f + h. Determine g(f).
-8
Let q(r) = -9 + 14*r + 3 - 10 - 1 - 16 + 5*r**2. Determine q(4).
103
Let i(v) = -8*v**2 + 9*v - 42. Let o(a) = 10*a**2 - 9*a + 57. Let k(c) = 3*i(c) + 2*o(c). Give k(4).
-40
Let j(s) be the third derivative of -s**6/120 + s**5/6 - s**4/24 - s**3/3 - 3*s**2 + 7*s - 8. Determine j(9).
70
Suppose 0 = 9*v + 148*s - 146*s - 17, 4*v + 4*s = -8. Let m(g) = -g**3 + 4*g**2 - 5*g + 5. What is m(v)?
-1
Suppose 4*a - 33 + 31 = r, -a - 5*r = 31. Let i(g) = 103*g + 89. Calculate i(a).
-14
Let f(d) = -6*d - 4*d + 114 + 103 - 209. What is f(4)?
-32
Let u = 31 + -29. Let x(t) = -t - 27*t**2 + 74*t**2 - 25*t**u + 3 - 23*t**2. Calculate x(0).
3
Let t be (4 - 45/10)/(-58 + 57). Let w(y) be the first derivative of -t*y**2 - 7*y + 9. Calculate w(-9).
2
Let l(f) = 10*f**3 - 6*f**2 - 9*f + 6. Let o(w) = 8*w**3 - 5*w**2 - 8*w + 5. Let p(g) = 3*l(g) - 4*o(g). Determine p(-2).
12
Let x(g) = -28*g + 115. Let y(f) = -14*f + 51. Let n(o) = 2*x(o) - 5*y(o). Give n(4).
31
Let d(u) be the first derivative of 7*u**3/3 - 4*u**2 - 10*u - 5628. Determine d(-4).
134
Let b(o) = -2*o**2 - 8*o - 7. Let u(k) = 1. Let i(s) = -b(s) - 2*u(s). Let x be 30537/609 + 1/(-7). Suppose x = -3*a - 7*a. Give i(a).
15
Let r(q) be the second derivative of -q**3/6 - 3*q**2/2 + 116264*q. Suppose 0 = o - 2*j - 2 - 0, -2*j - 6 = 0. Determine r(o).
1
Let c(m) be the third derivative of 0 - 1/60*m**5 - 41*m**2 + 0*m + 7/24*m**4 - 5/6*m**3. Determine c(7).
-5
Let f(w) = -158*w - 87. Let u(m) = 280*m + 152. Let i(h) = 7*f(h) + 4*u(h). Let s be 9*(4/(-6) + 1). Let t(v) = -v**2 + 4*v - 2. Let a be t(s). What is i(a)?